t(k).
7
Let d be 1 + (1 + -1 - -2). Let m(i) = -i**3 + 1 - 2*i**2 + 0*i**d - 3*i**2 + 7*i. Let t be m(-6). Let x(o) = o**2 + 4*o - 7. Calculate x(t).
-2
Let w = 17 + -6. Let d = w - 8. Let r(u) = -d*u + 7*u + 4 - 5. Give r(3).
11
Let z(h) = h + 11. Suppose 5*k - 5 = 5*d, 2*d = 5*d + 3. Calculate z(k).
11
Let j(a) = 4 + 12*a + 0 - 45*a. Let l(n) = 8*n - 1. Suppose 36 = 4*w - 0. Let r(h) = w*l(h) + 2*j(h). Determine r(-1).
-7
Let h(r) = 2*r + 1. Let w be h(4). Let l(t) = -w*t**3 + t - 1 - t**2 + 3 + 2 - 5. Calculate l(1).
-10
Let i(w) be the second derivative of w**4/12 + 5*w**3/6 + w**2 + 4*w. Suppose 2*z - 4*z - 10 = 0. Determine i(z).
2
Let y(i) = -2*i**2 + 1. Let b(f) = f**2 + 2. Let a be b(0). What is y(a)?
-7
Let k(w) = -w**2 - 6*w - 4. Let z be k(-4). Suppose -3*u + 28 = z*v - 0*v, -4*u = v - 20. Let o(p) = p**3 - 4*p**2 - 2*p + 3. Calculate o(u).
-5
Let m = 9 + -4. Let u = -9 + m. Let v(d) = -d - 1. Determine v(u).
3
Let w(b) = b**3 - b**2 - 7*b + 2. Let k(m) = m**3 - 8*m + 1. Let n(r) = 2*k(r) - 3*w(r). Let f be (-2)/11 - 356/(-22). Suppose 6*a = 2*a + f. Calculate n(a).
0
Let y = 115 + -116. Let b(t) = -2 - t + t**2 - 16*t**2 + 1. Calculate b(y).
-15
Let p(b) be the third derivative of -b**5/60 - b**4/24 + b**3/6 - b**2. Calculate p(-2).
-1
Let l(z) = z**2 + 9*z - 16. Let j be (-132)/(-8)*2/(-3). Determine l(j).
6
Let g = -2 - 3. Let a(v) = -v - 1. Let m be a(g). Suppose 0 = t - m*f + 5, -5*f + 0*f + 8 = -3*t. Let z(u) = 2*u**2 + 1. Give z(t).
3
Let h(b) = 11*b**3 + 17*b**2 - 7*b - 9. Let a(x) = -5*x**3 - 8*x**2 + 3*x + 4. Let v(r) = 9*a(r) + 4*h(r). Calculate v(-3).
-6
Let m(l) = l**3 - 7*l**2 - l + 1. Let q be m(7). Let w(z) = z**3 + 5*z**2 + 2. Let p be w(-5). Let c be 12/q + p*4. Let j(g) = -g**2 + 5*g + 3. Give j(c).
-3
Let h(y) be the second derivative of y**4/12 + y**3/3 - y**2 - 6*y. Let c = 2 - -1. Determine h(c).
13
Suppose 21 = u + 4*z, -u + 4*z = 5 + 6. Let j(v) = -v + 2. Determine j(u).
-3
Let r(s) = -2*s**3 - s + 1. Let j be r(1). Let m = 6 + j. Let w(h) = 5*h - 2*h + h**3 - 4*h - m*h**2 + 3 + 1. Calculate w(3).
-8
Let x(f) = 2*f - 2*f**2 - 2 + 0*f + 5*f**2. What is x(-2)?
6
Let p(y) = y**2 + 2*y + 1. Suppose -w + 10 = -3*t + 3*w, -3*t - 6 = -3*w. Let z(x) = 3*x**2 + 7*x + 3. Let i(k) = t*z(k) - 7*p(k). Calculate i(0).
-1
Let j(r) be the second derivative of r**4/12 - r**3/6 - r**2/2 - r. Let t(b) = b**3 + 4*b**2 - 11*b + 6. Let h be t(-6). What is j(h)?
-1
Let p = -9 + 14. Let i(k) = 3*k**3 + 4*k**2 - 7. Let f(a) = 5*a**3 + 6*a**2 - 11. Let m(t) = p*f(t) - 8*i(t). Let w be (0 + 1 + 1)/(-10 - -8). What is m(w)?
-2
Let f(g) be the third derivative of g**5/120 + g**4/4 + 2*g**3/3 - 4*g**2. Let c(m) be the first derivative of f(m). Let l = 6 - 10. Determine c(l).
2
Let b(z) = -2*z + 3*z - 2*z. Let x be 57/9 - (-3)/(-9). Let s = -3 + x. Determine b(s).
-3
Let j(r) = -r + 13 + 0*r - 11. Let m be j(7). Let o(l) = -l**2 - 6*l + 5. Calculate o(m).
10
Suppose -j = 4*f - 4, 0 = -f + 4*f + 6. Let m(k) = -k**2 + 5*k - j - 8 + 26. What is m(5)?
6
Suppose 0 = -o - 0*o + 14. Let r(x) = x + 4. Let d be r(0). Suppose d*c + o = -2. Let w(h) = -h - 3. What is w(c)?
1
Let j be 4 - 1 - (-6)/3. Suppose 4*x = -16, -j*r = -3*r + x - 4. Let z(d) = -d**3 + 4*d**2 + 2*d - 1. What is z(r)?
7
Let w(c) = c**2 + 4*c - 5. Let q = -147 + 141. Calculate w(q).
7
Let r be (-6 - -3) + 3 + 6. Let s(h) = -h**2 + 6*h + 2. Let y be s(r). Let x(q) = q**2 - 5*q + 2. Give x(y).
-4
Let p(w) be the first derivative of -7*w**4/4 + w**3/3 - w**2/2 + w + 4. Give p(1).
-6
Suppose 10 = -x - x. Let i(w) = -w**3 - 4*w**2 + 3*w - 6. Let m be i(x). Let a(c) = 2*c - 3. Give a(m).
5
Let u(h) = -7*h**2 + 8*h + 3. Let o(t) = 13*t**2 - 15*t - 6. Suppose 14 = -3*w - 2*z, -z + 4*z = -5*w - 24. Let q(a) = w*o(a) - 11*u(a). Give q(4).
-5
Let q(i) = 5*i + 4. Let z = -45 + 43. Determine q(z).
-6
Let j(u) = u**2 + 5*u**3 + 5*u**3 - 5 - 9*u**3 + 4*u**2 + 2*u. Calculate j(-4).
3
Let w(z) = 3*z**2 + 7*z - 15. Let q(p) = -7*p**2 - 13*p + 31. Let x(b) = 2*q(b) + 5*w(b). Give x(-10).
-3
Let p(f) = f**3 - 3*f - 4. Let a(m) = -2*m**3 + m**2 + 5*m + 8. Let h(c) = -4*a(c) - 9*p(c). Calculate h(-5).
-6
Let d(x) = -4*x**2 + 3*x. Let l(n) = 17*n**2 - 13*n - 1. Let a be 1*(-1 + -1 + 0). Let q = -63 - -54. Let z(w) = a*l(w) + q*d(w). Give z(2).
8
Let u be (2/(-6))/((-2)/12). Let a be (u + 7)/(-3) + -2. Let l(i) = 1 - 2 - i + 2. Give l(a).
6
Let d(i) = -3*i**2 + 2*i - 1. Let g(o) = 6*o**2 - o - 5. Let k(n) = 7*n**2 - n - 6. Let c(a) = -6*g(a) + 5*k(a). Let m(x) = -7*c(x) + 2*d(x). Determine m(4).
2
Let o(f) = -f**2 - f - 1. Let q(m) = -6*m**2 - 9*m - 6. Let a(x) = 15*o(x) - 3*q(x). Let c(v) = v**2 + 4*v + 1. Let r(n) = 6*a(n) - 17*c(n). Calculate r(-2).
-3
Let t(n) be the second derivative of 5*n - 1/3*n**4 - n**2 + 0 - 1/3*n**3 - 1/20*n**5. What is t(-4)?
6
Let g(x) be the third derivative of -x**6/120 + x**5/30 - x**4/24 + 52*x**2. Determine g(-2).
18
Let r(f) = f**2 - 4*f - 3*f**2 + 3*f**2. What is r(4)?
0
Let b(s) = s - 2. Let f be b(2). Let c(t) = 0*t**3 + 6 - 6*t**2 - 5*t + f*t**3 - t**3. Give c(-5).
6
Let n(p) = -p**3 - 5*p**2 + 5*p - 5. Let c(l) = -l**3 + 3*l**2 + 5*l - 10. Let r be c(4). Determine n(r).
1
Let o be 2/(-13) - (-10)/65. Let d(z) be the first derivative of z**2/2 - z + 7. Determine d(o).
-1
Let i(c) be the second derivative of c**4/12 + c**3/6 - 7*c**2 - 7*c. Give i(0).
-14
Let p = 10 - -6. Let g be (-24)/p - (-30)/4. Let m(y) = y**2 - 7*y - 3. Determine m(g).
-9
Let t = 6 - 9. Let y be -2*t/2*-1. Let n(j) = j**2 - 4 - 4*j - j**3 - 3*j**2 - 2*j**2. Give n(y).
-1
Let c be 2/2*(-1)/(-1). Let b(h) = h**3 + h**2 - h. Let o be b(c). Suppose -5*n - 6 = -o. Let g(m) = -8*m**3 + m. Give g(n).
7
Let r(o) = -2*o - 4. Let p be r(0). Let d(i) = i**2 + 6*i + 3. Give d(p).
-5
Let k(u) = -68*u**2 + 2*u**3 - 8 + 62*u**2 + 6*u - 3*u**3. Give k(-7).
-1
Let h(o) be the second derivative of -o**3/3 + 7*o**2/2 + 3*o. Let k(t) = t**2 + t. Let j be k(-3). Determine h(j).
-5
Suppose f + w = -4*f + 20, -3*w + 18 = f. Let z(l) = 3*l + 0 - 1 - 5*l**3 - l - 4*l**f. Determine z(1).
-8
Suppose 0 = -5*d - 2*n + 40, 0 = n - 0*n. Let t = d - 13. Let a(r) = -r - 12. Give a(t).
-7
Let o(u) be the first derivative of u**4/4 + 8*u**3/3 - u**2/2 - 6*u + 15. Give o(-8).
2
Let m(z) = z**3 - z**2 - z + 1. Let v(j) = 4*j**2 + 2*j**3 + j - 3*j**2 - 1 + 0*j**3. Let b be v(1). Suppose -3*w + b = -0*w. Give m(w).
0
Suppose -4*n = -3*s - 11, 5*n - 14 + 3 = s. Let g(q) = -3*q**2 + 3*q. Let o(u) = u**2 - u. Let r(t) = -5*g(t) - 18*o(t). Give r(n).
-6
Let m(u) = -u**3 + 5*u**2 - 6*u. Let t be 7 - 3*3/3. Determine m(t).
-8
Let g(o) = 2*o - 29. Let q be g(17). Let f(m) = -2*m**2 + 4*m + m**2 + 2 + 0*m. Calculate f(q).
-3
Let a = -16 + 19. Suppose 0 = -2*p, a*p - 10 = 3*s - 1. Let f(h) = h - 1. Give f(s).
-4
Let u = -48 - -54. Let j(h) = -h**3 + 6*h**2 - h + 1. Determine j(u).
-5
Let y(w) = -2 + 0 + 3*w - 1 + 2. What is y(2)?
5
Let l be (-16)/(-72) - 50/(-18). Let i(t) = -2 + 0*t**3 - 2*t**2 + t**l - t + 3. Give i(3).
7
Suppose 3*t - 5*c + 17 = 5*t, -5*t - 2*c = -11. Let q(h) = -9*h**3 + h - 1. Determine q(t).
-9
Let z(c) = 2*c + 2*c + 3 + 151*c**2 - 148*c**2. Calculate z(-2).
7
Let q(a) be the first derivative of -a**4/4 - 2*a**3/3 + a**2/2 + a + 6. What is q(-2)?
-1
Let a(n) = -n**3 + 3*n**2 - 4. Suppose -5*r - 5*z - 15 = 40, 17 = -2*r + 3*z. Let b be ((-6)/(-10))/((-2)/(-50)). Let m be (-26)/r - (-6)/b. What is a(m)?
-4
Let f(y) = 2*y**2 + 4*y + 4. Let a(w) = -3*w**2 - 6*w - 6. Let b(p) = 5*a(p) + 7*f(p). What is b(-3)?
-5
Let p(i) = -6*i**2 + 4*i + 1. Let u(r) = 5*r**2 - 4*r - 1. Let j(g) = 2*p(g) + 3*u(g). Determine j(3).
14
Let z(i) be the second derivative of 7/2*i**2 + 0 + 1/6*i**3 - 2*i. What is z(-5)?
2
Let z = 5 - 0. Let b(g) = 3*g**3 + 2*g**2 - 9*g + 5. Let v(y) = 5*y**3 + 5*y**2 - 17*y + 9. Let l(p) = 7*b(p) - 4*v(p). Calculate l(z).
-1
Suppose 4*i + 3 = -f - 19, 0 = -4*f + 8. Let t(r) = r**2 + 9*r - 7. Let h(k) = -3*k**2 - 26*k + 20. Let b(l) = -3*h(l) - 8*t(l). Determine b(i).
-4
Let i(u) = -u - 3. Suppose 3*v + 32 = -19. Suppose -y + 5*y = 44. Let g = y + v. Give i(g).
3
Let y(b) = 477 - 474 + b**3 - 6*b + 0*b**2 - 4*b**2 + 4*b. What is y(4)?
-5
Let j(n) = -n. Let u be j(-2). Let z(b) = b**2 - 4*b - 1 - 6*b**u + 